{"id":14650,"date":"2022-09-30T14:47:09","date_gmt":"2022-09-30T13:48:15","guid":{"rendered":"https:\/\/www.citroen-klassiekers.nl\/?post_type=product&#038;p=14650"},"modified":"2022-09-30T14:49:53","modified_gmt":"2022-09-30T13:49:53","slug":"14650","status":"publish","type":"product","link":"https:\/\/www.citroen-klassiekers.nl\/de\/produkt\/14650\/","title":{"rendered":"Grauer 2cv6 von 1986"},"content":{"rendered":"","protected":false},"excerpt":{"rendered":"<p>Baujahr: 1986<br \/>\nKilometerstand: 28958<br \/>\nFarbe: Grau<\/p>\n<p>Dieser sch\u00f6ne, gut fahrende 2cv6 wird seit 5 Jahren von uns gewartet.<\/p>\n<p>Er ist gut gepflegt.<\/p>\n<p>Es ist ausgestattet mit:<\/p>\n<p>Sicherheitsgurte hinten<br \/>\nOption zum Aufladen des Telefons<\/p>\n<p>Er f\u00e4hrt super und ist sehr zuverl\u00e4ssig.<\/p>\n<p>Bei Lieferung wird es mit einem neuen T\u00dcV versehen.<\/p>\n<p>Z\u00f6gern Sie nicht, anzurufen, um eine Probefahrt zu vereinbaren und sich von seiner Flexibilit\u00e4t zu \u00fcberzeugen. Ihr werdet Freunde f\u00fcrs Leben!<\/p>\n<p>Telefon. 0345-681454<\/p>\n<p>Preis \u20ac8950,-<\/p>\n","protected":false},"featured_media":14710,"template":"","meta":[],"product_cat":[351],"product_tag":[],"class_list":{"0":"post-14650","1":"product","2":"type-product","3":"status-publish","4":"has-post-thumbnail","6":"product_cat-verkaufte-autos","8":"first","9":"instock","10":"shipping-taxable","11":"purchasable","12":"product-type-simple"},"yoast_head":"<!-- This site is optimized with the Yoast SEO plugin v23.1 - https:\/\/yoast.com\/wordpress\/plugins\/seo\/ -->\n<title>Grauer 2cv6 von 1986 - Chateau deux chevaux Beesd<\/title>\n<meta name=\"robots\" content=\"index, follow, max-snippet:-1, max-image-preview:large, max-video-preview:-1\" \/>\n<link rel=\"canonical\" href=\"https:\/\/www.citroen-klassiekers.nl\/de\/produkt\/14650\/\" \/>\n<meta property=\"og:locale\" content=\"de_DE\" \/>\n<meta property=\"og:type\" content=\"article\" \/>\n<meta property=\"og:title\" content=\"Grauer 2cv6 von 1986 - Chateau deux chevaux Beesd\" \/>\n<meta property=\"og:description\" content=\"Baujahr: 1986 Kilometerstand: 28958 Farbe: Grau  Dieser sch\u00f6ne, gut fahrende 2cv6 wird seit 5 Jahren von uns gewartet.  Er ist gut gepflegt.  Es ist ausgestattet mit:  Sicherheitsgurte hinten Option zum Aufladen des Telefons  Er f\u00e4hrt super und ist sehr zuverl\u00e4ssig.  Bei Lieferung wird es mit einem neuen T\u00dcV versehen.  Z\u00f6gern Sie nicht, anzurufen, um eine Probefahrt zu vereinbaren und sich von seiner Flexibilit\u00e4t zu \u00fcberzeugen. Ihr werdet Freunde f\u00fcrs Leben!  Telefon. 0345-681454  Preis \u20ac8950,-\" \/>\n<meta property=\"og:url\" content=\"https:\/\/www.citroen-klassiekers.nl\/de\/produkt\/14650\/\" \/>\n<meta property=\"og:site_name\" content=\"Chateau deux chevaux Beesd\" \/>\n<meta property=\"article:publisher\" content=\"https:\/\/www.facebook.com\/Chateau-Deux-Chevaux-111854715599808\/\" \/>\n<meta property=\"article:modified_time\" content=\"2022-09-30T13:49:53+00:00\" \/>\n<meta name=\"twitter:card\" content=\"summary_large_image\" \/>\n<script type=\"application\/ld+json\" class=\"yoast-schema-graph\">{\"@context\":\"https:\/\/schema.org\",\"@graph\":[{\"@type\":\"WebPage\",\"@id\":\"https:\/\/www.citroen-klassiekers.nl\/de\/produkt\/14650\/\",\"url\":\"https:\/\/www.citroen-klassiekers.nl\/de\/produkt\/14650\/\",\"name\":\"Grauer 2cv6 von 1986 - Chateau deux chevaux Beesd\",\"isPartOf\":{\"@id\":\"https:\/\/www.citroen-klassiekers.nl\/de\/#website\"},\"primaryImageOfPage\":{\"@id\":\"https:\/\/www.citroen-klassiekers.nl\/de\/produkt\/14650\/#primaryimage\"},\"image\":{\"@id\":\"https:\/\/www.citroen-klassiekers.nl\/de\/produkt\/14650\/#primaryimage\"},\"thumbnailUrl\":\"https:\/\/www.citroen-klassiekers.nl\/wp-content\/uploads\/2022\/09\/20220929_162802-7.jpg\",\"datePublished\":\"2022-09-30T13:48:15+00:00\",\"dateModified\":\"2022-09-30T13:49:53+00:00\",\"breadcrumb\":{\"@id\":\"https:\/\/www.citroen-klassiekers.nl\/de\/produkt\/14650\/#breadcrumb\"},\"inLanguage\":\"de\",\"potentialAction\":[{\"@type\":\"ReadAction\",\"target\":[\"https:\/\/www.citroen-klassiekers.nl\/de\/produkt\/14650\/\"]}]},{\"@type\":\"ImageObject\",\"inLanguage\":\"de\",\"@id\":\"https:\/\/www.citroen-klassiekers.nl\/de\/produkt\/14650\/#primaryimage\",\"url\":\"https:\/\/www.citroen-klassiekers.nl\/wp-content\/uploads\/2022\/09\/20220929_162802-7.jpg\",\"contentUrl\":\"https:\/\/www.citroen-klassiekers.nl\/wp-content\/uploads\/2022\/09\/20220929_162802-7.jpg\",\"width\":591,\"height\":443},{\"@type\":\"BreadcrumbList\",\"@id\":\"https:\/\/www.citroen-klassiekers.nl\/de\/produkt\/14650\/#breadcrumb\",\"itemListElement\":[{\"@type\":\"ListItem\",\"position\":1,\"name\":\"Home\",\"item\":\"https:\/\/www.citroen-klassiekers.nl\/de\/\"},{\"@type\":\"ListItem\",\"position\":2,\"name\":\"Winkel\",\"item\":\"https:\/\/www.citroen-klassiekers.nl\/de\/winkel\/\"},{\"@type\":\"ListItem\",\"position\":3,\"name\":\"Grauer 2cv6 von 1986\"}]},{\"@type\":\"WebSite\",\"@id\":\"https:\/\/www.citroen-klassiekers.nl\/de\/#website\",\"url\":\"https:\/\/www.citroen-klassiekers.nl\/de\/\",\"name\":\"Chateau deux chevaux Beesd\",\"description\":\"\",\"publisher\":{\"@id\":\"https:\/\/www.citroen-klassiekers.nl\/de\/#organization\"},\"potentialAction\":[{\"@type\":\"SearchAction\",\"target\":{\"@type\":\"EntryPoint\",\"urlTemplate\":\"https:\/\/www.citroen-klassiekers.nl\/de\/?s={search_term_string}\"},\"query-input\":\"required name=search_term_string\"}],\"inLanguage\":\"de\"},{\"@type\":\"Organization\",\"@id\":\"https:\/\/www.citroen-klassiekers.nl\/de\/#organization\",\"name\":\"Chateau Deux Chevaux\",\"url\":\"https:\/\/www.citroen-klassiekers.nl\/de\/\",\"logo\":{\"@type\":\"ImageObject\",\"inLanguage\":\"de\",\"@id\":\"https:\/\/www.citroen-klassiekers.nl\/de\/#\/schema\/logo\/image\/\",\"url\":\"https:\/\/www.citroen-klassiekers.nl\/wp-content\/uploads\/2015\/11\/Logo-chateau-01-01.png\",\"contentUrl\":\"https:\/\/www.citroen-klassiekers.nl\/wp-content\/uploads\/2015\/11\/Logo-chateau-01-01.png\",\"width\":2946,\"height\":1944,\"caption\":\"Chateau Deux Chevaux\"},\"image\":{\"@id\":\"https:\/\/www.citroen-klassiekers.nl\/de\/#\/schema\/logo\/image\/\"},\"sameAs\":[\"https:\/\/www.facebook.com\/Chateau-Deux-Chevaux-111854715599808\/\",\"https:\/\/www.youtube.com\/user\/Citroenklassiekers\"]}]}<\/script>\n<!-- \/ Yoast SEO plugin. -->","yoast_head_json":{"title":"Grauer 2cv6 von 1986 - Chateau deux chevaux Beesd","robots":{"index":"index","follow":"follow","max-snippet":"max-snippet:-1","max-image-preview":"max-image-preview:large","max-video-preview":"max-video-preview:-1"},"canonical":"https:\/\/www.citroen-klassiekers.nl\/de\/produkt\/14650\/","og_locale":"de_DE","og_type":"article","og_title":"Grauer 2cv6 von 1986 - Chateau deux chevaux Beesd","og_description":"Baujahr: 1986 Kilometerstand: 28958 Farbe: Grau  Dieser sch\u00f6ne, gut fahrende 2cv6 wird seit 5 Jahren von uns gewartet.  Er ist gut gepflegt.  Es ist ausgestattet mit:  Sicherheitsgurte hinten Option zum Aufladen des Telefons  Er f\u00e4hrt super und ist sehr zuverl\u00e4ssig.  Bei Lieferung wird es mit einem neuen T\u00dcV versehen.  Z\u00f6gern Sie nicht, anzurufen, um eine Probefahrt zu vereinbaren und sich von seiner Flexibilit\u00e4t zu \u00fcberzeugen. Ihr werdet Freunde f\u00fcrs Leben!  Telefon. 0345-681454  Preis \u20ac8950,-","og_url":"https:\/\/www.citroen-klassiekers.nl\/de\/produkt\/14650\/","og_site_name":"Chateau deux chevaux Beesd","article_publisher":"https:\/\/www.facebook.com\/Chateau-Deux-Chevaux-111854715599808\/","article_modified_time":"2022-09-30T13:49:53+00:00","twitter_card":"summary_large_image","schema":{"@context":"https:\/\/schema.org","@graph":[{"@type":"WebPage","@id":"https:\/\/www.citroen-klassiekers.nl\/de\/produkt\/14650\/","url":"https:\/\/www.citroen-klassiekers.nl\/de\/produkt\/14650\/","name":"Grauer 2cv6 von 1986 - Chateau deux chevaux Beesd","isPartOf":{"@id":"https:\/\/www.citroen-klassiekers.nl\/de\/#website"},"primaryImageOfPage":{"@id":"https:\/\/www.citroen-klassiekers.nl\/de\/produkt\/14650\/#primaryimage"},"image":{"@id":"https:\/\/www.citroen-klassiekers.nl\/de\/produkt\/14650\/#primaryimage"},"thumbnailUrl":"https:\/\/www.citroen-klassiekers.nl\/wp-content\/uploads\/2022\/09\/20220929_162802-7.jpg","datePublished":"2022-09-30T13:48:15+00:00","dateModified":"2022-09-30T13:49:53+00:00","breadcrumb":{"@id":"https:\/\/www.citroen-klassiekers.nl\/de\/produkt\/14650\/#breadcrumb"},"inLanguage":"de","potentialAction":[{"@type":"ReadAction","target":["https:\/\/www.citroen-klassiekers.nl\/de\/produkt\/14650\/"]}]},{"@type":"ImageObject","inLanguage":"de","@id":"https:\/\/www.citroen-klassiekers.nl\/de\/produkt\/14650\/#primaryimage","url":"https:\/\/www.citroen-klassiekers.nl\/wp-content\/uploads\/2022\/09\/20220929_162802-7.jpg","contentUrl":"https:\/\/www.citroen-klassiekers.nl\/wp-content\/uploads\/2022\/09\/20220929_162802-7.jpg","width":591,"height":443},{"@type":"BreadcrumbList","@id":"https:\/\/www.citroen-klassiekers.nl\/de\/produkt\/14650\/#breadcrumb","itemListElement":[{"@type":"ListItem","position":1,"name":"Home","item":"https:\/\/www.citroen-klassiekers.nl\/de\/"},{"@type":"ListItem","position":2,"name":"Winkel","item":"https:\/\/www.citroen-klassiekers.nl\/de\/winkel\/"},{"@type":"ListItem","position":3,"name":"Grauer 2cv6 von 1986"}]},{"@type":"WebSite","@id":"https:\/\/www.citroen-klassiekers.nl\/de\/#website","url":"https:\/\/www.citroen-klassiekers.nl\/de\/","name":"Chateau deux chevaux Beesd","description":"","publisher":{"@id":"https:\/\/www.citroen-klassiekers.nl\/de\/#organization"},"potentialAction":[{"@type":"SearchAction","target":{"@type":"EntryPoint","urlTemplate":"https:\/\/www.citroen-klassiekers.nl\/de\/?s={search_term_string}"},"query-input":"required name=search_term_string"}],"inLanguage":"de"},{"@type":"Organization","@id":"https:\/\/www.citroen-klassiekers.nl\/de\/#organization","name":"Chateau Deux Chevaux","url":"https:\/\/www.citroen-klassiekers.nl\/de\/","logo":{"@type":"ImageObject","inLanguage":"de","@id":"https:\/\/www.citroen-klassiekers.nl\/de\/#\/schema\/logo\/image\/","url":"https:\/\/www.citroen-klassiekers.nl\/wp-content\/uploads\/2015\/11\/Logo-chateau-01-01.png","contentUrl":"https:\/\/www.citroen-klassiekers.nl\/wp-content\/uploads\/2015\/11\/Logo-chateau-01-01.png","width":2946,"height":1944,"caption":"Chateau Deux Chevaux"},"image":{"@id":"https:\/\/www.citroen-klassiekers.nl\/de\/#\/schema\/logo\/image\/"},"sameAs":["https:\/\/www.facebook.com\/Chateau-Deux-Chevaux-111854715599808\/","https:\/\/www.youtube.com\/user\/Citroenklassiekers"]}]}},"_links":{"self":[{"href":"https:\/\/www.citroen-klassiekers.nl\/de\/wp-json\/wp\/v2\/product\/14650","targetHints":{"allow":["GET"]}}],"collection":[{"href":"https:\/\/www.citroen-klassiekers.nl\/de\/wp-json\/wp\/v2\/product"}],"about":[{"href":"https:\/\/www.citroen-klassiekers.nl\/de\/wp-json\/wp\/v2\/types\/product"}],"wp:featuredmedia":[{"embeddable":true,"href":"https:\/\/www.citroen-klassiekers.nl\/de\/wp-json\/wp\/v2\/media\/14710"}],"wp:attachment":[{"href":"https:\/\/www.citroen-klassiekers.nl\/de\/wp-json\/wp\/v2\/media?parent=14650"}],"wp:term":[{"taxonomy":"product_cat","embeddable":true,"href":"https:\/\/www.citroen-klassiekers.nl\/de\/wp-json\/wp\/v2\/product_cat?post=14650"},{"taxonomy":"product_tag","embeddable":true,"href":"https:\/\/www.citroen-klassiekers.nl\/de\/wp-json\/wp\/v2\/product_tag?post=14650"}],"curies":[{"name":"wp","href":"https:\/\/api.w.org\/{rel}","templated":true}]}}

<p>Baujahr: 1986<br />
Kilometerstand: 28958<br />
Farbe: Grau</p>
<p>Dieser schöne, gut fahrende 2cv6 wird seit 5 Jahren von uns gewartet.</p>
<p>Er ist gut gepflegt.</p>
<p>Es ist ausgestattet mit:</p>
<p>Sicherheitsgurte hinten<br />
Option zum Aufladen des Telefons</p>
<p>Er fährt super und ist sehr zuverlässig.</p>
<p>Bei Lieferung wird es mit einem neuen TÜV versehen.</p>
<p>Zögern Sie nicht, anzurufen, um eine Probefahrt zu vereinbaren und sich von seiner Flexibilität zu überzeugen. Ihr werdet Freunde fürs Leben!</p>
<p>Telefon. 0345-681454</p>
<p>Preis €8950,-</p>

<!-- This site is optimized with the Yoast SEO plugin v23.1 - https://yoast.com/wordpress/plugins/seo/ -->
<title>Grauer 2cv6 von 1986 - Chateau deux chevaux Beesd</title>
<meta name="robots" content="index, follow, max-snippet:-1, max-image-preview:large, max-video-preview:-1" />
<link rel="canonical" href="https://www.citroen-klassiekers.nl/de/produkt/14650/" />
<meta property="og:locale" content="de_DE" />
<meta property="og:type" content="article" />
<meta property="og:title" content="Grauer 2cv6 von 1986 - Chateau deux chevaux Beesd" />
<meta property="og:description" content="Baujahr: 1986 Kilometerstand: 28958 Farbe: Grau  Dieser schöne, gut fahrende 2cv6 wird seit 5 Jahren von uns gewartet.  Er ist gut gepflegt.  Es ist ausgestattet mit:  Sicherheitsgurte hinten Option zum Aufladen des Telefons  Er fährt super und ist sehr zuverlässig.  Bei Lieferung wird es mit einem neuen TÜV versehen.  Zögern Sie nicht, anzurufen, um eine Probefahrt zu vereinbaren und sich von seiner Flexibilität zu überzeugen. Ihr werdet Freunde fürs Leben!  Telefon. 0345-681454  Preis €8950,-" />
<meta property="og:url" content="https://www.citroen-klassiekers.nl/de/produkt/14650/" />
<meta property="og:site_name" content="Chateau deux chevaux Beesd" />
<meta property="article:publisher" content="https://www.facebook.com/Chateau-Deux-Chevaux-111854715599808/" />
<meta property="article:modified_time" content="2022-09-30T13:49:53+00:00" />
<meta name="twitter:card" content="summary_large_image" />
<script type="application/ld+json" class="yoast-schema-graph">{"@context":"https://schema.org","@graph":[{"@type":"WebPage","@id":"https://www.citroen-klassiekers.nl/de/produkt/14650/","url":"https://www.citroen-klassiekers.nl/de/produkt/14650/","name":"Grauer 2cv6 von 1986 - Chateau deux chevaux Beesd","isPartOf":{"@id":"https://www.citroen-klassiekers.nl/de/#website"},"primaryImageOfPage":{"@id":"https://www.citroen-klassiekers.nl/de/produkt/14650/#primaryimage"},"image":{"@id":"https://www.citroen-klassiekers.nl/de/produkt/14650/#primaryimage"},"thumbnailUrl":"https://www.citroen-klassiekers.nl/wp-content/uploads/2022/09/20220929_162802-7.jpg","datePublished":"2022-09-30T13:48:15+00:00","dateModified":"2022-09-30T13:49:53+00:00","breadcrumb":{"@id":"https://www.citroen-klassiekers.nl/de/produkt/14650/#breadcrumb"},"inLanguage":"de","potentialAction":[{"@type":"ReadAction","target":["https://www.citroen-klassiekers.nl/de/produkt/14650/"]}]},{"@type":"ImageObject","inLanguage":"de","@id":"https://www.citroen-klassiekers.nl/de/produkt/14650/#primaryimage","url":"https://www.citroen-klassiekers.nl/wp-content/uploads/2022/09/20220929_162802-7.jpg","contentUrl":"https://www.citroen-klassiekers.nl/wp-content/uploads/2022/09/20220929_162802-7.jpg","width":591,"height":443},{"@type":"BreadcrumbList","@id":"https://www.citroen-klassiekers.nl/de/produkt/14650/#breadcrumb","itemListElement":[{"@type":"ListItem","position":1,"name":"Home","item":"https://www.citroen-klassiekers.nl/de/"},{"@type":"ListItem","position":2,"name":"Winkel","item":"https://www.citroen-klassiekers.nl/de/winkel/"},{"@type":"ListItem","position":3,"name":"Grauer 2cv6 von 1986"}]},{"@type":"WebSite","@id":"https://www.citroen-klassiekers.nl/de/#website","url":"https://www.citroen-klassiekers.nl/de/","name":"Chateau deux chevaux Beesd","description":"","publisher":{"@id":"https://www.citroen-klassiekers.nl/de/#organization"},"potentialAction":[{"@type":"SearchAction","target":{"@type":"EntryPoint","urlTemplate":"https://www.citroen-klassiekers.nl/de/?s={search_term_string}"},"query-input":"required name=search_term_string"}],"inLanguage":"de"},{"@type":"Organization","@id":"https://www.citroen-klassiekers.nl/de/#organization","name":"Chateau Deux Chevaux","url":"https://www.citroen-klassiekers.nl/de/","logo":{"@type":"ImageObject","inLanguage":"de","@id":"https://www.citroen-klassiekers.nl/de/#/schema/logo/image/","url":"https://www.citroen-klassiekers.nl/wp-content/uploads/2015/11/Logo-chateau-01-01.png","contentUrl":"https://www.citroen-klassiekers.nl/wp-content/uploads/2015/11/Logo-chateau-01-01.png","width":2946,"height":1944,"caption":"Chateau Deux Chevaux"},"image":{"@id":"https://www.citroen-klassiekers.nl/de/#/schema/logo/image/"},"sameAs":["https://www.facebook.com/Chateau-Deux-Chevaux-111854715599808/","https://www.youtube.com/user/Citroenklassiekers"]}]}</script>
<!-- / Yoast SEO plugin. -->

Baujahr: 1986 Kilometerstand: 28958 Farbe: Grau  Dieser schöne, gut fahrende 2cv6 wird seit 5 Jahren von uns gewartet.  Er ist gut gepflegt.  Es ist ausgestattet mit:  Sicherheitsgurte hinten Option zum Aufladen des Telefons  Er fährt super und ist sehr zuverlässig.  Bei Lieferung wird es mit einem neuen TÜV versehen.  Zögern Sie nicht, anzurufen, um eine Probefahrt zu vereinbaren und sich von seiner Flexibilität zu überzeugen. Ihr werdet Freunde fürs Leben!  Telefon. 0345-681454  Preis €8950,-
